(17). Suppose 0 = -12*o + h + 120. What is the tens digit of n(o)?
9
Let q(x) = x**3 - 6*x**2 + 11*x - 4. Suppose -t - 3*b - 2 = 0, 4*b - 2*b = 4*t - 34. What is the hundreds digit of q(t)?
1
Suppose 0 = -3*x + 517 + 782. Let u = x - 394. What is the units digit of u?
9
Let s(d) = 2*d - 2. Let k be s(6). Let l(r) = -6*r**2 + 52*r. Let f(z) = 2*z**2 - 17*z. Let x(p) = k*f(p) + 3*l(p). What is the tens digit of x(-6)?
5
Suppose 2*y = 3*u - 68543, -6*y - 106207 + 14833 = -4*u. What is the ten thousands digit of u?
2
Let g(w) = -3*w**3 - 3*w**2 - 10*w + 80. What is the thousands digit of g(-12)?
4
Let d(r) = 413*r - 1956. What is the tens digit of d(8)?
4
Let f(d) be the first derivative of 10*d**3/3 - 4*d**2 - 3*d + 117. What is the units digit of f(-7)?
3
Let g(v) = -191*v - 5*v**2 + 4*v**2 + 2*v**2 + 17 + 194*v. Let o be g(14). Suppose -8*n = -o - 505. What is the tens digit of n?
9
Let x be 7/3 + (-10)/(-75)*5. Suppose j = u + 626, -5*j + 3154 = 4*u - x*u. What is the units digit of j?
0
Let q(x) = -4101*x**3 - 16*x**2 - 31*x - 12. What is the ten thousands digit of q(-2)?
3
Suppose 1493 = 16*l - 10651. Let w = l + -272. What is the tens digit of w?
8
Suppose 0 = 47*l - 49*l. Suppose 11*p - 3029 - 3087 = l. What is the units digit of p?
6
Let o = 1693 + 2379. What is the hundreds digit of o?
0
Suppose i - 3*o - 141 - 806 = 0, 3*i - 2869 = -5*o. Suppose g + 3*m - 177 = 0, -g + 2*m + i = 4*g. Suppose n + g = 4*n. What is the units digit of n?
3
What is the thousands digit of (-153325)/(-15) + (3/(-18) - (-1)/(-2))?
0
Let d = -107 - -167. Let v = -368 - -364. What is the units digit of v + 1*(-3)/((-9)/d)?
6
Suppose 0 = 4*n - 4*w + 308, -2*n - 12 = -5*w + 127. Let q = 152 + n. What is the tens digit of (1 + -3 - 0) + q?
6
Suppose -10*o + 6*o + 5 = -w, 4 = -o + 2*w. Suppose o*l - 435 = 67. What is the tens digit of l?
5
Suppose 5*x - 4*x = -4*x + 65225. What is the thousands digit of x?
3
Let y(m) = 15*m**2 + 6*m + 112*m**3 - 17*m**2 - 25*m**3 + 52*m**3 - 5. What is the units digit of y(1)?
8
Let n = 472 - 451. Suppose 1963 = -n*l + 12421. What is the hundreds digit of l?
4
Let a = -138 - -3061. What is the units digit of a?
3
Let t = -92469 + 144267. What is the ten thousands digit of t?
5
Let m = -521 + 9233. What is the thousands digit of m?
8
Suppose -v + 4*d = -19283, 313*v = 314*v + 4*d - 19275. What is the units digit of v?
9
Suppose -5*o - 1565 = -5*u, 2*o - 636 = 4*o + 3*u. Let v = 943 + o. What is the units digit of v?
8
Let u(j) = 19*j**2 + 0 + 3826*j**3 - 3 + 5 - 3827*j**3 - 3*j. Let b be u(9). Suppose -w = -2*o - 263, -2*w - w + 2*o = -b. What is the hundreds digit of w?
2
Let x(c) = -7 + 34*c + 18*c - 129*c - 142*c. Let i be x(3). Let p = -396 - i. What is the tens digit of p?
6
Let t = -249 - -247. What is the tens digit of (-59 + -2 + 3)*t/4?
2
Suppose s = 9 - 7. Suppose -k = 6*v - s*v + 53, -2*k = -2*v - 14. What is the units digit of -6*(-8)/v - -121?
7
Let r(v) = -v**2 + 2. Suppose -4 = 2*m + 2*m. What is the units digit of r(m)?
1
Let v(b) = -1. Let d(i) = -267*i + 29. Let u(j) = d(j) - 2*v(j). What is the hundreds digit of u(-2)?
5
Suppose 5361*q = 5337*q + 148824. What is the units digit of q?
1
Let k(x) = x**3 - x**2 - 2. Let j be k(2). Suppose -a - 225 = -312. What is the hundreds digit of (-464)/a*(-81)/j?
2
Suppose 0 = -88*i + 841547 + 310637. What is the ten thousands digit of i?
1
Suppose -7*o = 37 - 51. Suppose 2*y + o*p - 108 = 0, 3*y + 75 - 225 = p. What is the tens digit of y?
5
What is the units digit of ((14 - 3) + 1068)/((-20)/22 - -1)?
9
Let s = -2 - -37. Suppose 0 = -s*y + 40*y - 5. What is the hundreds digit of ((7/2)/y + -4)*-216?
1
Suppose 0*j + 1 = -j. Let h be j - -2 - -3 - -1. Suppose -k = -h*g + 380, -k + 105 = g + 29. What is the units digit of g?
6
Let w(i) = i**3 - 5*i**2 - 4*i - 4. Let p be w(6). Suppose -a = -p + 2. Let t(r) = 4*r**2 - 2*r - 26. What is the units digit of t(a)?
6
Let j(m) = -m**2 - 6*m - 6. Let z = -61 + 58. Let u be j(z). Suppose -182 = -u*a + l, 3*l = -a + 41 + 3. What is the tens digit of a?
5
Suppose -3*r = -g - 158, -6*g = -3*r - 9*g + 150. Suppose -t + 5*c = -1074, 56*t - r*t - 4296 = -2*c. What is the thousands digit of t?
1
Suppose -38*n - 982 - 2970 = 0. What is the units digit of (-1)/(-8) - 12571/n?
1
Let r = -687 + 220. Let w = r - -1059. What is the tens digit of w?
9
Let t(o) = 1149*o - 5605. What is the ten thousands digit of t(42)?
4
Let l = -5713 + 3925. Let o(k) = k**3 - 5*k**2 - k. Let j be o(4). What is the tens digit of l/j - 2/5?
8
Let m(t) = t**2 + 9*t + 39. Let n be m(-16). Let h = 551 - n. What is the units digit of h?
0
Suppose 9*c - 107257 = -63967 + 88371. What is the hundreds digit of c?
6
Suppose 19215 = 5*q - 17*i + 12*i, -q - 3*i = -3839. What is the tens digit of q?
4
Let a = 196 + -416. What is the tens digit of (-4)/10 - 86328/a?
9
Let w(f) = -f**2 + 5*f - 5. Let y be w(5). Let a(u) = 10*u - 6*u - 3*u**2 - 2*u - 10 - u**3 + 0*u + 2*u. What is the units digit of a(y)?
0
Suppose -3*q - 2*w = -5*q + 6, -4*w - 14 = -5*q. What is the units digit of (0 + q - (-8170)/10) + 4?
3
Suppose 0 = -3*f + 5*f + 2*i + 528, 0 = -2*f - 3*i - 532. What is the hundreds digit of (-78)/f - 1667/(-10)?
1
Suppose 522*v = -3*d + 519*v + 8130, -4*v = d - 2710. What is the units digit of d?
0
Let p(g) = -4 + 3*g + 13 + 3. Let l be p(6). Let d = 41 - l. What is the units digit of d?
1
Suppose 2*v + 10 = 5*r, 0 = -4*r - 0*v - 2*v - 10. Suppose -k = -r*k. Suppose 3*w - 91 = -0*w + j, 2*w - 3*j - 56 = k. What is the tens digit of w?
3
Suppose 0 = 8*n + 2900 - 14196. What is the hundreds digit of n + -2 + 3/((-6)/(-10))?
4
Let c = -4 + 4. Suppose c = 33*h - 37*h + 4440. What is the tens digit of (-3)/(-6) + h/12?
9
Suppose -2*c - 3*c = -4*r + 2648, 3*c + r + 1599 = 0. Let b = c - -1010. What is the hundreds digit of b?
4
Let c(p) be the first derivative of 3*p**3 + 3*p**2 + 22*p + 14. Let w be c(-8). Suppose -5*m + 555 = -w. What is the tens digit of m?
2
Let t = 614 - 609. Let f(n) = 11*n**3 + 8*n**2 - 12*n - 37. What is the hundreds digit of f(t)?
4
Suppose 5*s = -4*i + 7, 5*s - 1 = 6*s. Suppose 0*d - p - 2067 = -i*d, -2*d - 3*p + 1389 = 0. What is the tens digit of d?
9
Suppose -4*m = -m - 9. Suppose 2*t = -m*t + 2*i + 1166, 0 = 4*i + 12. What is the hundreds digit of t?
2
Let v(y) = -5*y**3 + 16*y**2 + 20*y - 158. What is the units digit of v(-14)?
8
Let o(l) = 43*l - 49. Let z(a) = 2*a**3 + 15*a**2 - 10*a - 9. Let v be z(-8). What is the units digit of o(v)?
2
Let u = -74 + 83. Suppose 2*c = u*c + 1932. Let h = c + 473. What is the hundreds digit of h?
1
Suppose 1519 = 15*o + 64. Suppose 0 = -2*v - 5*h - 71, -h - h + o = -3*v. Let r = v - -190. What is the hundreds digit of r?
1
Suppose 6*y - 42 = 7*y. Let v = -52 - y. What is the tens digit of -166*(-5)/v*-1?
8
Let r = 75 + -41. Let l be (-40)/6 - r/(-51). What is the units digit of 489/6 - 3/l?
2
Let j = -806 + 4378. What is the tens digit of j?
7
Let m be 1454/18 - 12/(-54). Let h = 12 + m. Let t = h + -59. What is the tens digit of t?
3
Let j be 1/(-2*3/(-870)). Let u = j - 58. Suppose 858 = 5*i - u. What is the hundreds digit of i?
1
Let f(i) = 3*i**3 - i**2 - 9*i - 63. Let d be f(-7). Let x = 1838 + d. What is the units digit of x?
0
Suppose 4*b + 156688 = 4*f, -27*b + 21*b = 48. What is the units digit of f?
4
Suppose 3 = 5*g - 7. Let i(d) = 119*d + 4. Let u be i(g). Let n = u + -161. What is the tens digit of n?
8
Suppose -w = 3*y - 4*y + 470, 4*y - 5*w = 1880. Suppose -2*b + 3*m + y = 8*m, b = -2*m + 233. What is the units digit of b?
5
Suppose 7*q - 34*q = -32373. What is the thousands digit of q + -3 + (-2 - -10)?
1
Let h be (-3 + (-2)/2)*(-10)/8. Let m(w) = 4*w**3 - w**2 - 18*w + 3. Let d be m(h). Suppose 0 = 15*f - 11*f - d. What is the units digit of f?
7
Let k be (-12)/42 + (-256)/(-14). Suppose -10*d + 12 = -k. Suppose 9*q + 3 = 6*q, -105 = -d*y - 3*q. What is the units digit of y?
6
Let n(j) = -7*j - 2. Let t be n(-1). Suppose 0 = t*r + 5*x - 10, 5*r + 6*x = 3*x. What is the tens digit of (r - (-6 - -2)) + 106?
0
Let a(q) = -q**2 + 10*q - 6. Let k be a(9). Let i(s) = -3*s + 14. Let h be i(k). Suppose 254 - 1034 = -h*w. What is the units digit of w?
6
Let f(m) = -4556*m + 75. What is the hundreds digit of